 + 4. What is the greatest common divisor of x and n?
4
Let w(f) = -f + 2. Let v(k) = 25*k - 24. Let t(p) = -v(p) - 6*w(p). Let s be t(-2). What is the highest common factor of 50 and s?
50
Suppose 306*i = 335*i - 4292. What is the highest common divisor of 3737 and i?
37
Let o(j) = -8*j - 15. Let u(b) = -11*b + 37*b + 3 - 16*b - 11*b. Let w be u(8). Let h be o(w). What is the highest common divisor of 200 and h?
25
Let z be 5/(-3 - -8)*4 + 12 + 98. What is the greatest common factor of 32 and z?
2
Let u be 13/39 + 2 + (-42)/(-9). Suppose -2475 = -4*q - u*q. What is the greatest common factor of q and 45?
45
Suppose -7*f + 5*p + 5 = -4*f, -1 = -5*f + p. Suppose f = 18*h - 261 + 45. Calculate the greatest common divisor of 1320 and h.
12
Let w be (-18646)/(-11) + (-2360)/(-2596). Calculate the greatest common divisor of w and 1378.
106
Suppose o - 98 = -21. Let p(m) = m**3 + 5*m**2 + 2*m - 1. Let j = 38 + -42. Let s be p(j). Calculate the highest common divisor of s and o.
7
Let f(y) = 9*y**2 - 9*y + 45. Let n be f(-7). Suppose -20*g + n = 229. Let i = 106 + 38. Calculate the greatest common divisor of i and g.
16
Suppose -10*z = -218 - 52. Suppose -6*b - 3381 = -z*b. What is the highest common divisor of 23 and b?
23
Let s be 6 - (10 + (-26 - -5) - 4). Calculate the greatest common factor of 2261 and s.
7
Let h(m) = -3*m**2 + 62*m - 20. Let t be h(20). What is the greatest common divisor of 1880 and t?
20
Suppose 15*v = 8*v + 826. Suppose -3*p + 2*h + v = 4*h, -3*p = h - 116. Let y(r) = 15*r + 9. Let s be y(7). What is the greatest common divisor of s and p?
38
Suppose -w - 3 - 1 = 0, 12 = 5*q - 3*w. Suppose -o - 21 + 29 = q. Calculate the highest common divisor of 12 and o.
4
Let r = 58 - -13. Let k = r + -59. Suppose 5*p - 13 - k = 0. Calculate the greatest common factor of p and 5.
5
Let l(s) = s - 24. Let z be l(18). Let j be 4 - z - 14 - (1 - 24). What is the highest common divisor of 247 and j?
19
Suppose -5*n - 9 + 4 = 0, -4*n + 276 = 2*t. Calculate the highest common factor of t and 2870.
70
Let p(b) = -83*b - 2648. Let v be p(-40). What is the greatest common factor of 3744 and v?
96
Let g = -1818 - -1819. Calculate the highest common divisor of 47 and g.
1
Let a be 1 + (-1099)/5 + (-168)/(-210). Let i = a - -305. What is the greatest common factor of 174 and i?
87
Let u be -1*(-1 + -12) - (3300/(-4))/(-75). Let j = -29 + 54. Calculate the greatest common divisor of u and j.
1
Let w(n) = -n**2 - 12*n - 8. Let k be w(-11). Suppose z = -5*r + 42, r - 84 = z - k*z. Calculate the highest common factor of z and 21.
21
Suppose -4*s + 146 = 2*m, -4*s - 3*m = -3*s - 44. Let f = -1090 - -390. Let u be (36/(-15))/(6/f). What is the highest common divisor of s and u?
35
Suppose -45*w - 108 = -47*w. Calculate the highest common factor of 8 and w.
2
Let a = -173 + 196. Suppose 3*q - a*q = -5200. Calculate the greatest common factor of q and 10.
10
Suppose 0 = -i + p - 39, 3*i - i + 4*p + 96 = 0. Let b = i - -56. Suppose -2*r = -b - 2. What is the greatest common divisor of 88 and r?
8
Let w be -5 + (-7 - -29) + (3 - -5)/2. Calculate the greatest common divisor of 1401 and w.
3
Suppose 4*t - 6 - 2 = 0. Suppose 3*y - n = t*n + 6, 0 = -y - 4*n + 22. Let d be 56/21*99/4. Calculate the highest common factor of y and d.
6
Suppose -9*p - 24 = -12*p. Let x(z) = -z - 3. Let j be x(-3). Suppose j = -6*m + 8*m - 80. Calculate the highest common factor of p and m.
8
Let s(r) = 9*r**2 + r - 3. Let p be s(-5). Suppose 0 = -2*m - 8*m + 410. Let u = m + -10. What is the highest common divisor of u and p?
31
Suppose 24 + 4988 = 7*m. Suppose 348 + m = 19*y. What is the highest common divisor of y and 280?
56
Let b be ((-24498)/45)/(-2) - (4 + (-76)/20). Calculate the greatest common factor of b and 136.
136
Suppose -2*x - 4*x + 144 = 0. Suppose 0 = -2*h + 26 + x. Suppose 400 = -590*c + 606*c. What is the highest common factor of c and h?
25
Let a(y) = -895*y + 896. Let b be a(1). Suppose 4 = -5*t - 5*u + 84, 0 = 2*t - 3*u - 7. What is the highest common factor of t and b?
1
Let u(v) = v**3 + 2*v**2 - 4*v - 3. Let q be u(-3). Suppose q = o - 14 - 31. Calculate the highest common divisor of 30 and o.
15
Suppose 2099 + 1509 = -22*q. Let y = q + 169. Calculate the highest common factor of 3 and y.
1
Suppose -5*y - 7 = 4*f, -14*y = -18*y + 2*f + 10. What is the greatest common factor of 79 and y?
1
Let z = 195 + -150. Suppose 3*l = -2*j + 115, 2*j = -l - 0*j + z. What is the greatest common divisor of 35 and l?
35
Suppose -2*g - 178 = 2*f, 4*f - 296 = 3*g - 50. Let r = g + 94. Let z(v) = v**2 + 8. Let o be z(r). What is the greatest common factor of 9 and o?
9
Let o(d) = d**3 - 20*d**2 + 22*d - 46. Let f be o(19). Suppose 4*t - 7*t + 1716 = 0. What is the highest common factor of t and f?
11
Suppose -t + 70 = 2*n - 15, 4*t + 110 = 2*n. Let u be 5/2*((-12)/(-4) + -1). What is the greatest common factor of u and n?
5
Let y(z) = -1311*z**3 + 145*z**2 + 147*z + 3. Let u be y(-1). What is the highest common divisor of 1804 and u?
164
Let a(s) = -s**2 + 8*s + 18. Let c be a(10). Let t be (c - -122) + (-2)/2. Let z be (-2)/17 - (-5369)/t. What is the highest common factor of 15 and z?
15
Let c be (-28)/(-7) - (-4 + -3 + 4). Suppose 5*m - b - 45 = 0, -6*m - 5*b - 33 = -c*m. What is the greatest common divisor of m and 2?
2
Let q(n) = -n**3 + 13*n**2 - 61*n + 218. Let x be q(8). What is the greatest common divisor of 4 and x?
2
Let y(b) = 36*b**2 + 145*b + 217. Let r be y(-30). Calculate the greatest common factor of r and 23.
23
Suppose -16*s + 424 = -776. Suppose 0 = s*d - 89*d + 266. Calculate the greatest common factor of d and 19.
19
Let b(n) = 11*n + 43. Let r be b(-3). Let u be 2688/35 + 2/r. Calculate the greatest common divisor of u and 22.
11
Let r(q) = -q**3 + 26*q**2 - 3*q - 118. Let y be r(12). What is the greatest common divisor of 38 and y?
38
Let g = 4591 - 4568. What is the greatest common divisor of g and 48?
1
Let n(g) = 16 + g**2 - g + 4 - 21. Let h be n(-2). What is the greatest common factor of 5 and h?
5
Let z be (-375)/(-45) - (-1)/(-3). What is the greatest common divisor of z and 584?
8
Let g(q) = -q**3 - 9*q**2 - 7*q + 17. Let v be g(-8). Suppose -4*d + 53 = -5*l - 7, 3*d = -l + 45. Calculate the highest common factor of v and d.
3
Let g(s) = -s**3 - 12*s**2 + 103*s + 861. Let h be g(-19). What is the highest common factor of h and 53?
53
Suppose -15*y + 11*y + 46 = 3*o, 5*o - 10 = 0. Suppose 0 = -y*q + 7*q + 3285. What is the greatest common divisor of 15 and q?
15
Let i = 8311 + -49. What is the greatest common factor of i and 102?
102
Suppose 2140 = 5*g + 3*s - 1724, 0 = 4*g - 5*s - 3106. Calculate the greatest common factor of 86 and g.
86
Let z(v) = -v**3 + v**2 + 3*v + 1. Let t be z(-5). Let h(p) = 2*p**2 + 4*p + 1. Let f be h(4). Let d = -32 + f. What is the highest common factor of t and d?
17
Let y = -8130 - -8132. What is the highest common divisor of y and 2198?
2
Let i = -3318 - -4670. What is the greatest common divisor of 1144 and i?
104
Suppose -p + 29 = -20. Let t = 56 - p. Suppose -2*u - 2*f = -t*f - 365, -2*u = -4*f - 366. What is the greatest common factor of 74 and u?
37
Let j be 260/195 + (-87)/(-9) + -1. What is the greatest common factor of 1535 and j?
5
Suppose -163*n + 166*n = -30. Let f be n/6*(-14)/(-35)*-48. What is the highest common factor of 32 and f?
32
Let t be (((-204)/8 - 1)*1)/(84/(-2688)). What is the greatest common divisor of 4399 and t?
53
Suppose 0 = a + 1 - 11. Let u be (-1 + -9)*(99 + -102). Calculate the highest common divisor of u and a.
10
Let p be 358 + 35/(-10)*4. What is the highest common factor of p and 2322?
86
Let t = 1830 - 1675. Let x = 1 - -4. Calculate the greatest common divisor of x and t.
5
Let g = 100 + 0. Let y(d) = 1202*d - 7192. Let w be y(6). Calculate the highest common divisor of g and w.
20
Suppose -5*k - 2*j + 25 = 0, 3*k - k + 5*j - 10 = 0. Let w be (121/k)/(33/165). Calculate the greatest common divisor of 22 and w.
11
Suppose -19*z + 36 = -18*z + 2*b, -2*z = 5*b - 74. What is the highest common divisor of z and 6296?
8
Let m = -5122 - -5377. What is the greatest common factor of 15 and m?
15
Suppose -5*g = -2*f + 37, 2*f + 10 = 4*f + 4*g. Suppose s + 5*x = 21 - 0, 3*s + x - 35